 - 257431506?
-257431515
In base 10, what is -78579 + -4240?
-82819
In base 3, what is -2 + 120102201120202?
120102201120200
In base 5, what is 2 - -10041200331?
10041200333
In base 12, what is 2 + -a9b43b?
-a9b439
In base 3, what is 111211220 - 21201010?
20010210
In base 12, what is -2b24278 + -6a?
-2b24326
In base 5, what is -1200244 - 1322?
-1202121
In base 14, what is 48a57b - 7b?
48a500
In base 8, what is -2003740 - -13?
-2003725
In base 4, what is 10220320100 + -2112?
10220311322
In base 9, what is 7118324 + -2?
7118322
In base 6, what is 31410503333 + -4?
31410503325
In base 11, what is 0 - 6a43415?
-6a43415
In base 16, what is -49d254 - b?
-49d25f
In base 6, what is -141354 + 3452?
-133502
In base 13, what is -5589 + -10a7?
-6663
In base 6, what is 3 + -2254454151?
-2254454144
In base 11, what is 6 + 194027?
194032
In base 14, what is 409 + -13204?
-12bd9
In base 6, what is -53233030 - -14?
-53233012
In base 13, what is 80 + -35a12?
-35962
In base 10, what is -24987 - 997?
-25984
In base 9, what is 51 + -521556?
-521505
In base 8, what is 516111247 - 3?
516111244
In base 8, what is 272636 + 16?
272654
In base 8, what is -745011 + 131?
-744660
In base 11, what is 183 - 17210?
-17038
In base 15, what is 4e3c + -ad9?
4353
In base 3, what is 20011001000010 + 1002?
20011001001012
In base 16, what is a4 + -2a9f67?
-2a9ec3
In base 16, what is -26 + -12ffa?
-13020
In base 10, what is 8462968 - -5?
8462973
In base 16, what is 5053c8b + -3?
5053c88
In base 12, what is -20 - -107ab44?
107ab24
In base 13, what is 3734cc - 19?
3734b3
In base 5, what is 1014313332343 - -4?
1014313332402
In base 11, what is 2a - -102024?
102053
In base 11, what is 144 + -2a4736?
-2a45a2
In base 15, what is -18 - 79061?
-79079
In base 2, what is 11010001010000011000001101 - -100?
11010001010000011000010001
In base 16, what is -3363054 + -3?
-3363057
In base 13, what is 1 + -787696?
-787695
In base 14, what is -7bda63 - 3?
-7bda66
In base 6, what is -4430142003 + 1?
-4430142002
In base 14, what is -5 + 16b3792?
16b378b
In base 13, what is -894681b - -1?
-894681a
In base 16, what is -7e1 + -728?
-f09
In base 15, what is -84 - -a005?
9e71
In base 3, what is -2012112112022 - -12?
-2012112112010
In base 3, what is -2212102212200 - 1?
-2212102212201
In base 9, what is 1 + -14281831?
-14281830
In base 14, what is -8 + 69930?
69926
In base 7, what is -100306630 + 336?
-100306261
In base 4, what is 2212012211023 - 0?
2212012211023
In base 4, what is -21120033 + 203130?
-20310303
In base 16, what is -2b3e0 + 11b?
-2b2c5
In base 13, what is 3 - 7219527?
-7219524
In base 2, what is 1010011001 - 1000011010000?
-111000110111
In base 14, what is 1019ad - 97?
101916
In base 2, what is -10 - -100011101010001010111111?
100011101010001010111101
In base 9, what is 2 - -344571344?
344571346
In base 13, what is 11c58 - 3b27?
b131
In base 14, what is 18 + -471a1d0?
-471a1b6
In base 12, what is -22111a + 139?
-220ba1
In base 16, what is 166149 + -4b?
1660fe
In base 12, what is -a50 + b581?
a731
In base 3, what is -11 - -10011111210110?
10011111210022
In base 3, what is -12 + 11121120011001112?
11121120011001100
In base 14, what is 7bd + -82a?
-4b
In base 7, what is -224626124 + -2?
-224626126
In base 9, what is -1 - -5744881?
5744880
In base 4, what is -211 + -132220030220?
-132220031031
In base 8, what is -1047 + 223765?
222716
In base 4, what is 0 - -311031011033?
311031011033
In base 11, what is 23141660 - 0?
23141660
In base 2, what is -10011000010001100111 - 1001010010?
-10011000011010111001
In base 14, what is 21 - c3a8b?
-c3a6a
In base 7, what is 3 + -141062421?
-141062415
In base 11, what is 5 - 481604?
-4815aa
In base 4, what is 2 - -3213210020?
3213210022
In base 7, what is 53 - -1163066?
1163152
In base 3, what is 0 + -120201100201?
-120201100201
In base 2, what is -11001101 + 1000101100110101010100?
1000101100110010000111
In base 4, what is 2 - 121133312000?
-121133311332
In base 3, what is 1011010110002211 + 111?
1011010110010022
In base 11, what is -5451 + -365?
-5806
In base 14, what is 8712b69 + 2?
8712b6b
In base 10, what is -939 + 3388?
2449
In base 5, what is 41203 - 2340144?
-2243441
In base 13, what is a + 16045a?
160467
In base 7, what is -2020 + 4661546?
4656526
In base 15, what is -4779a30 - -2?
-4779a2d
In base 2, what is -101000011111100001 + -10000?
-101000011111110001
In base 11, what is 3 + 480a874?
480a877
In base 8, what is 1735076 + -30?
1735046
In base 10, what is 59 - -178096?
178155
In base 3, what is -10 - -101200221111120?
101200221111110
In base 3, what is 11 - 212121012002100?
-212121012002012
In base 9, what is -17 - 2803507?
-2803525
In base 8, what is -2 + 23447512?
23447510
In base 2, what is 1000000110001 + 111000101001101?
1000000101111110
In base 14, what is 593 + 21197?
2174a
In base 10, what is 34051 - 3449?
30602
In base 7, what is 11230604 + -105?
11230466
In base 10, what is 16317 + 235?
16552
In base 14, what is -a03 - -139a0?
12d9b
In base 6, what is -11152224333 + 3?
-11152224330
In base 13, what is 63 + 1684bc?
168552
In base 8, what is 51262 + 105260?
156542
In base 7, what is -1113010 + -53?
-1113063
In base 8, what is 5306 + -13117?
-5611
In base 9, what is -5 + -1765486?
-1765502
In base 9, what is 176266384 - -1?
176266385
In base 8, what is 50674545 + 7?
50674554
In base 4, what is 100221231 + -232?
100220333
In base 11, what is -67a25 - -56?
-6797a
In base 16, what is da + -11ee51?
-11ed77
In base 14, what is 5557 + 3b?
5594
In base 8, what is 457 + 1570422?
1571101
In base 9, what is 28077 - -18722?
47810
In base 2, what is -111000101110000001 - -10011010?
-111000101011100111
In base 8, what is -134502 - 7641?
-144343
In base 4, what is 1103110202 - 202?
1103110000
In base 5, what is 23 + 204140202?
204140230
In base 10, what is -41769 - -609?
-41160
In base 4, what is 31300201 - -203212?
32110013
In base 16, what is -7b996 - 51?
-7b9e7
In base 14, what is -1605 - 1b277?
-1c87c
In base 5, what is 110234114233 + 12?
110234114300
In base 11, what is 128 - 41402?
-41285
In base 13, what is 21 + 610b07a?
610b09b
In base 6, what is -333530201 + 2?
-333530155
In base 13, what is 41b568 - 6?
41b562
In base 16, what is -360e - 277?
-3885
In base 8, what is -341064 - -42?
-341022
In base 13, what is -45544 - -3?
-45541
In base 3, what is -102112121 + 102212211?
100020
In base 4, what is -13323 - 2010131?
-2030120
In base 11, what is -2432891 + -17a?
-2432a60
In base 9, what is -10754241 + 47?
-10754183
In base 16, what is 47e9546 - 3?
47e9543
In base 12, what is 1a - 130290?
-130272
In base 15, what is d99a - 1c4?
d7c6
In base 15, what is 5 - 308263?
-30825d
In base 3, what is -1100 - -221212000021?
221211221221
In base 8, what is 353110 - -677?
354007
In base 8, what is -261504024 + -2?
-261504026
In base 5, what is -11014004 - 30231?
-11044240
In base 6, what is -35200204 + -455?
-35201103
In base 13, what is -1ab1aa - -2?
-1ab1a8
In base 4, what is 222 - 1031020122?
-1031013300
In base 4, what is -210032 + 33103030?
32232332
In base 11, what is -839 - -31614?
30886
In base 7, what is 44211 - 15016?
26162
In base 14, what is 92 - -5286?
5338
In base 16, what is -1 + -210ab8?
-210ab9
In base 9, what is -78 - -1418?
1330
In base 16, what is 6 + -120947?
-120941
In base 9, what is -3886816 - 108?
-3887025
In base 11, what is 448 - 8aa76?
-8a629
In base 12, what is 400b + 9881?
11890
In base 5, what is 124 + -1214122012?
-1214121333
In base 8, what is 110072 + 3035?
113127
In base 4, what is -11 + 31321111132?
31321111121
In base 13, what is -32b551 - -79?
-32b4a5
In base 10, what is -6 + 97310548?
97310542
In base 13, what is 1 - -8b520c1?
8b520c2
In base 15, what is -598 - -623ae?
61d16
In base 9, what is 24247 - -564?
24822
In base 7, what is 645 - 603111?
-602133
In base 6, what is -400343211 - -10?
-400343201
In base 7, what is 144021 + -401?
143320
In base 12, what is -12 + -2a3aa3?
-2a3ab5
In base 7, what is -230651 - -2242?
-225406
In base 9, what is 201716647 + 2?
201716650
In base 7, what is -4 + -340354161?
-340354165
In base 6, what is -413 - -22154134?
22153321
In base 3, what is -1211021201111 + 111?
-1211021201000
In base 8, what is -12 + 17170631?
17170617
In base 7, what is -1106602 - -1605?
-1104664
In base 6, what is